n divisor of 160979 and 7098.
91
Calculate the highest common factor of 25583246 and 806.
806
What is the highest common divisor of 944 and 28831568?
16
Calculate the greatest common factor of 275 and 9145015.
55
Calculate the highest common divisor of 54550930 and 28.
14
Calculate the highest common divisor of 210 and 41798190.
210
Calculate the highest common factor of 3862526 and 706.
706
Calculate the highest common factor of 410888 and 8552.
8
Calculate the highest common factor of 524 and 12945813.
131
What is the highest common factor of 424 and 29505577?
53
Calculate the highest common factor of 634708060 and 35.
35
Calculate the highest common factor of 67641 and 7691748.
9663
Calculate the greatest common factor of 64 and 224889712.
16
Calculate the highest common factor of 1891194 and 3642.
6
Calculate the greatest common factor of 369 and 82373715.
369
What is the highest common factor of 32808 and 97824?
24
What is the greatest common factor of 8848 and 413380772?
2212
What is the greatest common factor of 197556 and 219372?
1212
What is the greatest common factor of 37125 and 185031?
297
Calculate the greatest common divisor of 18544400 and 37925.
925
What is the highest common factor of 15259 and 751?
1
What is the highest common divisor of 30785 and 377645?
235
What is the greatest common divisor of 28691 and 28673344?
2207
What is the highest common factor of 1274569 and 1513?
89
Calculate the highest common factor of 1358532946 and 38.
38
What is the greatest common factor of 12 and 708570?
6
What is the greatest common factor of 2520905532 and 12?
12
Calculate the greatest common divisor of 19352239 and 51.
17
What is the greatest common factor of 169136 and 1970050?
1922
Calculate the highest common factor of 1208524 and 51289.
431
What is the greatest common factor of 4186182 and 2142?
714
What is the highest common divisor of 284824950 and 580?
290
Calculate the greatest common divisor of 56805 and 3336347.
3787
Calculate the greatest common factor of 7168282 and 228.
38
Calculate the highest common divisor of 29127 and 3790671.
4161
Calculate the greatest common factor of 552 and 25745050.
46
What is the highest common divisor of 528 and 438317?
11
Calculate the greatest common factor of 23964484 and 11148.
3716
Calculate the highest common factor of 46 and 11737751.
23
What is the greatest common divisor of 2288088 and 59400?
2376
Calculate the highest common divisor of 13363 and 2334707.
1909
What is the highest common divisor of 261873 and 24156?
549
What is the greatest common factor of 237664 and 4000?
32
What is the highest common divisor of 80205931 and 1846?
923
Calculate the highest common divisor of 433 and 408898.
1
Calculate the highest common divisor of 6491254 and 770.
154
What is the greatest common divisor of 36536 and 5560?
8
Calculate the greatest common divisor of 35729327 and 60352.
943
What is the greatest common factor of 751196 and 357?
17
Calculate the highest common divisor of 6713861 and 303280.
3791
What is the highest common divisor of 8624 and 86044?
196
What is the greatest common factor of 2189835 and 1539?
81
What is the greatest common factor of 141603186 and 7434?
354
What is the greatest common factor of 5131482 and 19?
19
What is the greatest common divisor of 98112 and 169512?
168
What is the greatest common divisor of 4263 and 84315?
21
Calculate the highest common divisor of 66 and 53479965.
33
What is the greatest common factor of 8 and 1237854496?
8
What is the highest common factor of 57652 and 473396?
812
Calculate the greatest common divisor of 84 and 32449452.
84
What is the highest common divisor of 66186030 and 1290?
1290
Calculate the highest common factor of 6835849 and 41989.
199
What is the greatest common factor of 1077246 and 54?
54
Calculate the highest common divisor of 104402 and 224.
2
What is the greatest common factor of 922112129 and 24017?
3431
Calculate the highest common divisor of 54343700 and 395300.
6700
What is the greatest common factor of 4631 and 20852551?
421
Calculate the highest common factor of 17875 and 56309.
11
Calculate the greatest common factor of 1439872 and 223888.
112
Calculate the highest common factor of 22947777 and 45.
9
Calculate the highest common factor of 13552137 and 144.
9
What is the greatest common factor of 194551408 and 16?
16
Calculate the greatest common divisor of 1392 and 408117.
87
Calculate the highest common divisor of 116314 and 39202.
34
Calculate the greatest common factor of 172108300 and 780.
260
Calculate the greatest common factor of 13581600 and 19200.
2400
What is the highest common factor of 7832 and 85667395?
979
Calculate the highest common divisor of 19707376 and 3536.
208
Calculate the highest common factor of 192445396 and 1364.
1364
Calculate the greatest common factor of 4840 and 60192220.
220
What is the greatest common divisor of 1168999 and 299?
13
What is the greatest common divisor of 20965520 and 100?
20
Calculate the highest common divisor of 5368 and 2835646.
1342
What is the highest common divisor of 4675 and 15037?
11
Calculate the greatest common factor of 6068 and 112504.
164
What is the greatest common divisor of 16446430 and 28861?
217
What is the highest common factor of 2394900 and 8640?
540
Calculate the greatest common divisor of 27336811 and 276.
23
Calculate the highest common divisor of 81 and 1559979.
81
What is the greatest common divisor of 14 and 3755864?
14
Calculate the greatest common divisor of 23916127 and 34.
17
What is the greatest common divisor of 32731 and 889346?
71
What is the highest common divisor of 304 and 3495248?
16
What is the greatest common factor of 593138 and 3796?
26
What is the highest common divisor of 576 and 3630400?
64
What is the greatest common factor of 5489 and 841324?
11
What is the greatest common divisor of 36195700 and 3837?
1279
What is the greatest common divisor of 448442072 and 3848?
3848
What is the highest common divisor of 23054101 and 203?
203
Calculate the greatest common factor of 346335520 and 96.
32
Calculate the greatest common divisor of 18949700 and 1498.
1498
What is the highest common divisor of 168 and 287112?
168
Calculate the greatest common divisor of 6728 and 2038429256.
6728
What is the greatest common divisor of 1690554 and 2697?
93
What is the highest common factor of 18602 and 254251?
71
Calculate the greatest common factor of 1208 and 115083140.
604
Calculate the highest common divisor of 2330 and 734380.
10
What is the greatest common factor of 208932 and 724?
4
What is the greatest common factor of 2855736998 and 109?
109
Calculate the highest common divisor of 731056959 and 914.
457
Calculate the greatest common factor of 75 and 864709375.
25
What is the highest common divisor of 153760 and 1092192?
992
What is the greatest common divisor of 193685998 and 44?
22
What is the greatest common factor of 45429006 and 90429?
2103
Calculate the highest common divisor of 333 and 1629.
9
Calculate the greatest common factor of 758 and 1218962161.
379
Calculate the greatest common divisor of 55616468 and 118.
118
What is the greatest common divisor of 34119300 and 1200?
300
Calculate the greatest common divisor of 95971485 and 430.
215
What is the highest common divisor of 1054 and 595238?
34
Calculate the highest common factor of 75185 and 74727055.
6835
What is the greatest common divisor of 5175013 and 2479?
67
What is the greatest common factor of 222 and 62847534?
222
What is the greatest common divisor of 38524 and 362?
2
Calculate the highest common divisor of 8934264 and 234.
18
What is the highest common factor of 21099840 and 2880?
960
What is the highest common factor of 384 and 1616976256?
128
Calculate the highest common factor of 31640 and 114582.
226
Calculate the greatest common factor of 3505 and 21975649.
701
Calculate the greatest common factor of 5856 and 36466044.
732
Calculate the highest common factor of 32941714 and 1842.
614
Calculate the greatest common factor of 562434 and 822.
6
Calculate the greatest common factor of 294 and 76910988.
294
What is the highest common divisor of 33842975 and 65?
5
What is the highest common divisor of 574 and 138418?
14
Calculate the highest common divisor o